
List the prime factors of 346890235.
5, 367, 189041
List the prime factors of 51738143.
491, 105373
List the prime factors of 1822374012.
2, 3, 131, 1159271
What are the prime factors of 14380941?
3, 389, 12323
What are the prime factors of 4892129595?
3, 5, 19, 163, 11701
List the prime factors of 309584656.
2, 223, 86767
What are the prime factors of 5625649369?
2633, 2136593
List the prime factors of 166370064.
2, 3, 7, 495149
List the prime factors of 51421203.
3, 1904489
List the prime factors of 1755594.
2, 3, 10837
List the prime factors of 180627275.
5, 7225091
What are the prime factors of 394103584?
2, 7, 179, 9829
List the prime factors of 97292203.
37, 2629519
What are the prime factors of 126753300?
2, 3, 5, 140837
List the prime factors of 3171687457.
29, 149, 734017
List the prime factors of 44115883.
7, 31, 263, 773
What are the prime factors of 1391234430?
2, 3, 5, 31, 509, 2939
List the prime factors of 240330111.
3, 7, 131, 199, 439
List the prime factors of 147147365.
5, 47, 626159
List the prime factors of 74150465.
5, 107, 138599
What are the prime factors of 110849468?
2, 181, 153107
What are the prime factors of 328418986?
2, 7, 47, 499117
What are the prime factors of 781479229?
41, 2371, 8039
List the prime factors of 406596445.
5, 81319289
List the prime factors of 72973883.
72973883
List the prime factors of 679063239.
3, 2753, 27407
What are the prime factors of 1774821999?
3, 591607333
What are the prime factors of 123053128?
2, 11, 23, 5527
What are the prime factors of 1807946968?
2, 1201, 188171
What are the prime factors of 3403615?
5, 41, 16603
List the prime factors of 4611620.
2, 5, 13, 17737
What are the prime factors of 134591485?
5, 7, 78479
What are the prime factors of 258822323?
258822323
What are the prime factors of 262332381?
3, 87444127
List the prime factors of 7571112315.
3, 5, 13, 173, 224429
What are the prime factors of 11445279?
3, 359, 10627
List the prime factors of 718023579.
3, 7, 13, 877, 2999
List the prime factors of 4921802932.
2, 409, 3008437
What are the prime factors of 3426124942?
2, 23, 74480977
What are the prime factors of 186891743?
67, 97, 149, 193
List the prime factors of 165187179.
3, 18354131
List the prime factors of 697043088.
2, 3, 7, 47, 14713
What are the prime factors of 237018683?
11, 21547153
What are the prime factors of 370726962?
2, 3, 61787827
List the prime factors of 812835688.
2, 7, 17, 853819
What are the prime factors of 1361910396?
2, 3, 7, 11, 89, 16561
What are the prime factors of 44318391?
3, 13, 61, 1433
What are the prime factors of 1018905339?
3, 43, 47, 163, 1031
What are the prime factors of 67005260?
2, 5, 7, 31, 15439
What are the prime factors of 373448353?
173, 277, 7793
What are the prime factors of 473139743?
473139743
What are the prime factors of 373911249?
3, 199, 626317
List the prime factors of 316779791.
59, 5369149
What are the prime factors of 966646793?
7, 19, 37, 5309
List the prime factors of 30336873.
3, 7, 1444613
List the prime factors of 3752113056.
2, 3, 39084511
List the prime factors of 3067589343.
3, 7, 13, 337, 33343
What are the prime factors of 113642797?
5179, 21943
List the prime factors of 2139465189.
3, 19, 109, 344353
List the prime factors of 502114136.
2, 62764267
What are the prime factors of 2762937911?
47, 4019, 14627
What are the prime factors of 400946374?
2, 31, 113, 151, 379
What are the prime factors of 834800994?
2, 3, 277, 167429
What are the prime factors of 227717070?
2, 3, 5, 7, 1084367
List the prime factors of 4965636099.
3, 29, 57076277
What are the prime factors of 2332188433?
19577, 119129
What are the prime factors of 587082167?
7, 3079, 27239
List the prime factors of 1914180052.
2, 37, 167, 77447
What are the prime factors of 301721233?
11, 31, 884813
List the prime factors of 486475557.
3, 257, 630967
List the prime factors of 1732947860.
2, 5, 7, 12378199
List the prime factors of 15218043.
3, 17, 179, 1667
What are the prime factors of 2537248513?
2537248513
List the prime factors of 3818094754.
2, 619, 3084083
What are the prime factors of 80211614?
2, 7, 157, 36493
List the prime factors of 949546676.
2, 13, 107, 157, 1087
What are the prime factors of 108467516?
2, 61, 444539
What are the prime factors of 1864277903?
23, 109, 193, 3853
What are the prime factors of 606094270?
2, 5, 6961, 8707
List the prime factors of 26925665.
5, 13, 414241
What are the prime factors of 3835305825?
3, 5, 13, 17, 29, 79, 101
List the prime factors of 11312452.
2, 2828113
List the prime factors of 978549851.
24407, 40093
List the prime factors of 713437942.
2, 7, 101, 1471
List the prime factors of 319751420.
2, 5, 557, 28703
What are the prime factors of 58420029?
3, 19473343
What are the prime factors of 14524192?
2, 137, 3313
What are the prime factors of 649216401?
3, 107, 2022481
What are the prime factors of 86740259?
86740259
List the prime factors of 17904169.
101, 177269
What are the prime factors of 330226903?
599, 551297
List the prime factors of 943000537.
37, 25486501
List the prime factors of 65961548.
2, 16490387
List the prime factors of 44090086.
2, 1451, 15193
List the prime factors of 4432664638.
2, 2216332319
What are the prime factors of 57905432?
2, 13, 59, 9437
List the prime factors of 334530436.
2, 137, 610457
List the prime factors of 12265037.
71, 227, 761
List the prime factors of 842423123.
101, 1613, 5171
List the prime factors of 162483887.
107, 241, 6301
What are the prime factors of 33604675?
5, 13, 103399
List the prime factors of 474066791.
11, 43096981
What are the prime factors of 668126991?
3, 7, 43, 139, 5323
List the prime factors of 961428859.
421, 2283679
What are the prime factors of 6290289?
3, 17, 41113
What are the prime factors of 556322069?
22961, 24229
List the prime factors of 204460193.
7, 59, 197, 359
List the prime factors of 43644528.
2, 3, 31, 3259
What are the prime factors of 2233075855?
5, 31, 14406941
List the prime factors of 2939954365.
5, 59, 9965947
What are the prime factors of 1442078459?
191, 7550149
What are the prime factors of 170243191?
170243191
List the prime factors of 552729095.
5, 19, 43, 269, 503
What are the prime factors of 207419829?
3, 127, 499, 1091
List the prime factors of 327338110.
2, 5, 11, 2975801
What are the prime factors of 1421693924?
2, 7, 19, 2672357
What are the prime factors of 568174390?
2, 5, 7, 457, 17761
What are the prime factors of 80359953?
3, 23, 137, 8501
List the prime factors of 1785873891.
3, 59, 10089683
What are the prime factors of 62345182?
2, 59, 151, 3499
List the prime factors of 27827993.
27827993
List the prime factors of 12211077.
3, 71, 57329
List the prime factors of 136560115.
5, 31, 347, 2539
What are the prime factors of 72497285?
5, 7, 2071351
What are the prime factors of 4566973684?
2, 7, 13, 19, 660349
What are the prime factors of 349570294?
2, 127, 313, 4397
What are the prime factors of 54683970?
2, 3, 5, 11, 165709
What are the prime factors of 5522674926?
2, 3, 920445821
What are the prime factors of 2113053541?
397, 5322553
List the prime factors of 135778182.
2, 3, 4153, 5449
What are the prime factors of 3095601?
3, 67, 15401
List the prime factors of 148029456.
2, 3, 19, 29, 193
What are the prime factors of 50702058?
2, 3, 11, 17, 5021
List the prime factors of 1577725734.
2, 3, 13, 353, 57301
List the prime factors of 923307574.
2, 7, 47, 173, 8111
What are the prime factors of 247922907?
3, 43, 1921883
What are the prime factors of 85643984?
2, 1973, 2713
List the prime factors of 1489020716.
2, 372255179
List the prime factors of 34300938.
2, 3, 7, 816689
List the prime factors of 841762372.
2, 11, 23, 831781
List the prime factors of 83904222.
2, 3, 13984037
What are the prime factors of 3788131478?
2, 1894065739
List the prime factors of 624485822.
2, 14407, 21673
List the prime factors of 194808592.
2, 11, 97, 11411
List the prime factors of 317030767.
317030767
List the prime factors of 427526482.
2, 1597, 133853
List the prime factors of 885239208.
2, 3, 7, 37, 1283
List the prime factors of 11694321.
3, 433123
List the prime factors of 127265800.
2, 5, 19, 107, 313
List the prime factors of 185158743.
3, 7, 11, 19, 42187
List the prime factors of 334144